+ l)/1 composite?
False
Let i = 6358 - 3753. Is i a prime number?
False
Let c be (-1)/(-2)*0/1. Suppose 3*z + z - 12 = c. Suppose -23 = -i - 3*r, 69 = z*i + 2*r + 2*r. Is i a prime number?
True
Suppose -3 + 0 = -z. Let d(t) = 2*t**2 + 3. Is d(z) a composite number?
True
Let o = 3 + 1. Suppose 112 = 2*l + o*p, 2*l - 71 - 46 = -5*p. Is l composite?
True
Suppose 9 = m - 14. Suppose -4*s + 125 = -m. Is s a composite number?
False
Let s be (-2 + 0 - -9)*1. Let y = 11 - s. Is (-262)/(-8) - (-1)/y composite?
True
Suppose 0 = 5*z - 22 + 7. Suppose -2*f = -z*c - 103 - 4, -f = 5*c - 60. Is f composite?
True
Suppose 0*w + w = -742. Let z = -243 - w. Is z a prime number?
True
Let o be 4/10 - (-27)/(-5). Let z(r) = -r**3 - 2*r**2 + 3*r - 7. Is z(o) a prime number?
True
Let c be -1 + -1 + 120/3. Suppose 0 = 4*y - c - 54. Is y a composite number?
False
Let p(v) be the first derivative of -11/2*v**2 - 2*v - 1. Is p(-5) a composite number?
False
Let o(l) = -l - 12. Let h be o(-12). Suppose 2*f + 2*j + 838 = 6*f, h = -f - 5*j + 226. Is f prime?
True
Suppose 4*w + 8 = 0, 3*h + 5*w - 823 = 1627. Let a = h - 449. Is a prime?
False
Suppose -3*a = -2*p - 655, 3*p = a + p - 217. Let o = a + -130. Is o composite?
False
Let k = 1511 - -246. Is k composite?
True
Let t(k) = -k + 1. Suppose -3*j + 7*j = -16. Let c be t(j). Suppose 222 + 233 = c*g. Is g prime?
False
Suppose -44 = -4*w + 4*o, -w + 3*o + 2 = -o. Let k be ((-5)/4)/(1/8). Let u = k + w. Is u a prime number?
False
Suppose 256 = -2*y + 5*a + 3569, 0 = 4*y - 5*a - 6611. Is y a composite number?
True
Let l = 554 - 249. Is l a prime number?
False
Suppose -3*m + 530 = -m. Is m a prime number?
False
Suppose 2*g - 5*b = 9 + 196, -4*g + 5*b + 395 = 0. Is g a composite number?
True
Suppose -3*y - 5*o + 2 = -43, 2*o - 45 = -3*y. Is 141/(-2)*(-50)/y composite?
True
Let d(t) = 1101*t + 24. Is d(3) prime?
False
Let m(w) = w**2 - w + 4. Let g(t) = -t**2 - 8*t - 10. Let d be g(-7). Let l be (d + 2 - -1)/(-2). Is m(l) composite?
True
Suppose 0 = 3*f + 4*n - 12297, -2*n = f - n - 4099. Is f a composite number?
False
Suppose -4*w + 6*w = 4666. Is w prime?
True
Suppose -4*a = 100 - 324. Suppose 0*s - 2*s - 74 = 0. Let h = a + s. Is h a prime number?
True
Suppose -k + 25 = 4*k. Let t(g) = 2*g**2 - 5*g + 6. Let f be t(k). Let u = f - 9. Is u prime?
False
Let v(l) = l**3 + 3*l**2 - 4*l + 2. Let t be v(-4). Suppose -t*q + 4*q = 248. Suppose 3*s - q = -31. Is s prime?
True
Suppose 0 = -2*v - 12 + 52. Is 2*-1*(-530)/v a prime number?
True
Suppose 4*j - 792 = -4*c, 2*c = 4*j - 0*c - 822. Is j prime?
False
Let s = 0 + -3. Is 58 + (-6 - 9/s) a composite number?
True
Suppose 3*h = -2*t - 16, 5*h + 0*t - 3*t = -14. Is h/6 - (-635)/3 a composite number?
False
Let y be (-1)/(-2) + (-20)/(-8). Suppose y + 37 = 4*v. Is v a prime number?
False
Suppose 3*b - 1560 = -63. Is b a prime number?
True
Suppose 0*j = -2*j - 20. Let m = -7 - j. Suppose -5*q + m*q + 26 = 0. Is q a prime number?
True
Let t(h) = 106*h**2 - 3*h + 1. Let r be t(2). Let i = r + -292. Is i composite?
False
Let h(k) = -5 + k + 0 + 1. Let d be h(6). Suppose -u + 17 = -2*r, 0*r - 38 = -2*u + d*r. Is u composite?
True
Suppose 16*c - 13*c = 1869. Is c a prime number?
False
Suppose 4 = 4*g - 8. Suppose 0 = 4*i + g*h - 2*h - 75, -4*h = 4. Is i composite?
False
Let v = -419 - -630. Is v composite?
False
Suppose 3 + 16 = p. Is p composite?
False
Let o = 511 - -498. Is o a composite number?
False
Suppose -13*y = -12*y - 185. Is y prime?
False
Let v(p) = -12*p**2 - 2*p + 1. Let o be v(-2). Let u = 74 + o. Let z = -9 + u. Is z a prime number?
False
Is (-584)/(-4) - 1 - 2 a prime number?
False
Suppose -1693 = 7*w - 4290. Is w a composite number?
True
Let n be -2 - -2*1 - 1. Let d be n/(-1) - (-1 - 2). Suppose b + d = 23. Is b prime?
True
Let f = 180 + -106. Is f composite?
True
Let s(c) be the third derivative of c**5/60 + c**4/24 + 7*c**3/6 - c**2. Let g be s(0). Let x(w) = -w**3 + 11*w**2 - 6*w + 7. Is x(g) a composite number?
True
Suppose -5*z - 15 = -0. Let r(v) = -2*v**3 + 5*v**2 + 2*v - 4. Is r(z) a prime number?
True
Let i = 28 - 26. Is ((-481)/i)/(3/(-6)) prime?
False
Let o(i) = 80*i - 1. Suppose 4*h - 6 = 10. Suppose h*g - 3*g - 1 = 0. Is o(g) prime?
True
Let a = -51 - -58. Is a composite?
False
Suppose 0 = 4*l, -2*l + 75 = 3*z - 7*l. Let q = z + -14. Is q a prime number?
True
Suppose 1245 = 2*x - 701. Is x a prime number?
False
Suppose 0*l = -5*l + 10775. Is l a composite number?
True
Let i(t) = -t**3 + t. Suppose -3*c - v = 13, -2*v + 6 = v. Let q(x) = 4*x**3 + 4*x**2 - 3*x + 1. Let b(w) = c*i(w) - q(w). Is b(5) a composite number?
True
Let u = -4 + -5. Is (-1077)/u - (-2)/(-3) a composite number?
True
Let p(w) = 15*w - 17. Is p(5) a prime number?
False
Let h be 2/(-4) - 236/(-8). Suppose h + 1 = -s. Let a = 1 - s. Is a composite?
False
Suppose 5*d - 30 = 2*d. Is 466/d + (-4)/(-10) prime?
True
Suppose -2*u - 9764 = -6*u. Is u composite?
False
Suppose -4*w + 0*w = -36. Is 2/3 - (-84)/w a composite number?
True
Let u = 33 + 151. Let l = 10 + u. Is l a prime number?
False
Suppose -3*i + 6 = 0, 0*p - 4*p + 1248 = -4*i. Is p a prime number?
False
Suppose 2*g + w = 377, -4*g + 546 = -g - 5*w. Is g a prime number?
False
Let g be 630/8 - 2/(-8). Suppose -t + 31 - 4 = 0. Suppose t + g = 2*k. Is k a composite number?
False
Let q(x) = 20*x**3 + 2*x**2 - 3*x + 4. Let d be (-1 - -4)*(-1 + 2). Is q(d) a composite number?
True
Let v(t) = 33*t**2 - 11. Is v(4) a prime number?
False
Suppose 3*h + h = 12. Suppose -h*j + 2069 = -5*b, -3*b + 0*b - 2744 = -4*j. Is j a composite number?
False
Let i = -1751 + 2818. Is i a prime number?
False
Let f be 6*(0 - 30/4). Let u = 8 - f. Is u composite?
False
Suppose -2*g - g + 5*z = -1, 0 = -2*g - 2*z + 6. Is g + 3/3 - -124 a prime number?
True
Let k(l) = -l + 12. Let c be k(9). Suppose -185 = -c*h + 196. Is h a composite number?
False
Let y(x) = -32*x**3 + 5*x**2 + x - 5. Let p(j) = -31*j**3 + 6*j**2 + j - 6. Suppose 0 = -3*n + 12. Let h(l) = n*p(l) - 5*y(l). Is h(1) a prime number?
False
Let l(q) = 2*q**2 + 8*q - 8. Is l(5) composite?
True
Let z(k) = 5 - 5*k - 3 - k**2 - 1. Let l be z(-4). Suppose 2*p = i + p - 45, -5*i = l*p - 235. Is i prime?
False
Suppose -2*u = 3*u - 3155. Is u a composite number?
False
Let t(u) = 3*u + 7. Suppose 3*z - 17 = -2*v, v + 3 - 4 = z. Let a(b) = -b**3 + 3*b**2 + 5*b + 2. Let p be a(v). Is t(p) a prime number?
False
Suppose 3 = -3*p, 5*z - 164 = p + 4172. Suppose 3*t + 3*h + z = 0, 2*t + 254 + 318 = -5*h. Let b = 422 + t. Is b prime?
True
Let h be (2 + 1)/((-6)/(-124)). Let g be ((-1)/1)/((-2)/62). Let n = h - g. Is n a composite number?
False
Suppose -8*d = -2*d - 5322. Is d a prime number?
True
Let v(a) = -a**3 - 3*a**2 + 4*a - 2. Let m be v(-4). Is 34 - (2 + 1 + m) composite?
True
Suppose 5*g - 6301 = -2*f, -5*f + 1277 = g + 3. Is g a composite number?
False
Let y = -133 + 93. Let f be y/6 - 8/(-12). Let h(b) = b**2 + b + 3. Is h(f) prime?
False
Let g(z) = -z**2 - 5*z + 1. Let b be g(-4). Let s be 5/10*(7 + 3). Suppose b*w - 50 = -s*a, 5*w + 2 + 3 = 0. Is a prime?
True
Is (23215/10)/(1/2) a prime number?
True
Let p be (-2271)/(-4) + (-2)/(-8). Suppose 623 = 3*a - p. Is a a composite number?
False
Let d = -58 - -12. Let t = 37 - d. Suppose 4*x = 3*u - u - 62, -3*u + 4*x = -t. Is u a composite number?
True
Suppose -4*z = -4 - 28. Let f(r) = r**2 + 2*r + 9. Let k(j) = -2*j**2 - 3*j - 9. Let b(s) = -3*f(s) - 2*k(s). Is b(z) prime?
False
Is 28/(-21) + (-1202)/(-6) prime?
True
Suppose 3*c - c = 4. Suppose 356 = 2*y + c*y. Is y prime?
True
Let q be (-4170)/(-24) - (-1)/4. Suppose 3*a = -443 + 1346. Let l = a - q. Is l prime?
True
Suppose 9*n - 11*n = -762. Is n prime?
False
Let i be 4/2 + 147*2. Suppose 4*f - i = 84. Is f a composite number?
True
Is (-16006)/(-18) - (-2)/(-9) a prime number?
False
Let m(z) be the first derivative of -2*z**3/3 - z**2 + 37*z + 1. Let x(h) = h**2 + h - 19. Let k(a) = 4*m(a) + 7*x(a). Is k(0) prime?
False
Suppose 5*l = l - 4. Is 132/(-8)*(l - 1) a prime number?
False
Let f be 4530/21 - 8/(-28). Let c = f - 5. Is c a composite number?
False
Suppose 18266 - 6081 = 5*c. Is c composite?
False
Is -1*(6 - 1112 - (0 - 3)) a prime number?
True
Let v(d) = 6*d + 18. Let m(w) = 2*w + 6. Let f(r) = 8*m(r) - 3*